{"id":184,"date":"2019-02-02T00:05:08","date_gmt":"2019-02-01T23:05:08","guid":{"rendered":"https:\/\/www.moderaffeiner.it\/shop\/?page_id=184"},"modified":"2022-10-12T23:43:02","modified_gmt":"2022-10-12T21:43:02","slug":"versand","status":"publish","type":"page","link":"https:\/\/www.moderaffeiner.it\/shop\/versand\/","title":{"rendered":"Versand"},"content":{"rendered":"\n<p><strong>1) Bestellungen aus Italien<\/strong> <br> Wir liefern per Expresskurier direkt zu Ihnen nach Hause. F\u00fcr den Versand an Adressen in Italien versenden wir f\u00fcr <strong>8,90 Euro Versandkosten.<\/strong> <br> Ab einem Warenkorbwert von 100 Euro ist die Zustellung in Italien kostenlos. Um Ihnen die Bestellungen schnellstm\u00f6glich und ohne Zwischenf\u00e4lle zukommen zu lassen, ben\u00f6tigt unser Speditionspartner eine Telefonnummer, unter der Sie tags\u00fcber erreichbar sind (s. Feld im Warenkorb). Dar\u00fcber hinaus ist es hilfreich, wenn Sie eine Versandadresse angeben, unter der Sie oder eine Ihnen vertraute Person weitgehend erreichbar sind. Bestellungen werden nur ausgeliefert, wenn die vorangegangenen Lieferungen bereits bezahlt worden sind. Bis zur vollst\u00e4ndigen Bezahlung bleibt die Ware Eigentum der Raffeiner KG.<\/p>\n\n\n\n<p>Zone 1 : Italien&nbsp;&nbsp;&nbsp; 8,90 \u20ac (Versandkostenfrei ab 100,00 \u20ac) &#8211; Lieferzeit ab Versand 1-3 Werktage<\/p>\n\n\n\n<p><br> <br> <strong>2) Bestellungen aus EU-Mitgliedsstaaten<\/strong><br>Derzeit liefern wir per Expresskurier in untenstehend aufgef\u00fchrte L\u00e4nder. <br>Die Transportkostenpauschalen f\u00fcr den Versand mittels Kurier sind folgende: <br><\/p>\n\n\n\n<p>Zone 2 : Deutschland, \u00d6sterreich&nbsp;&nbsp; 9,90 \u20ac (Versandkostenfrei ab 100,00 \u20ac) &#8211; Lieferzeit ab Versand 1-3 Werktage<\/p>\n\n\n\n<p>Hinweis: Unser Online-Shop ist\nderzeit in den Sprachen Deutsch und Italienisch verf\u00fcgbar. Wir weisen\nausdr\u00fccklich darauf hin, dass wir f\u00fcr Missverst\u00e4ndnisse, die aufgrund\nmangelnder Sprachkenntnisse entstehen k\u00f6nnten, nicht haften.<\/p>\n\n\n\n<p><strong>3) Lieferverz\u00f6gerungen\nund Nicht-Verf\u00fcgbarkeit der Ware<br>\n<\/strong>Es kann in Ausnahmef\u00e4llen zu\nLieferverz\u00f6gerungen bzw. Nicht-Verf\u00fcgbarkeit der gew\u00fcnschten Ware kommen. In\ndiesen F\u00e4llen werden wir Sie unverz\u00fcglich davon in Kenntnis setzen.<br>\n<br>\n<\/p>\n\n\n\n<p><strong>4) Transportsch\u00e4den<\/strong><br>\nWir bitten Sie, sofort bei Erhalt\nder Sendung dessen Inhalt auf Vollst\u00e4ndigkeit und Unversehrtheit zu pr\u00fcfen.\nFalls das Paket besch\u00e4digt sein sollte, reklamieren Sie es bitte sofort beim Zusteller.\nSetzen Sie sich in diesem Fall bitte auch mit uns in Verbindung: <a href=\"mailto:info@moderaffeiner.it\">info@moderaffeiner.it<\/a>. <\/p>\n\n\n\n<p><strong>5) Fehlende Artikel &#038; Reklamationen<br>\n<\/strong>Es gibt verschiedene\nGr\u00fcnde, warum ein Artikel in Ihrer Lieferung fehlen kann:<strong><br>\n&#8211; <\/strong>ein Artikel war zwar\nzum Bestellzeitpunkt lieferbar, musste jedoch von uns storniert werden.<strong><br>\n&#8211; <\/strong>Ihre Lieferung wurde\nauf mehrere Pakete aufgeteilt. Nicht immer werden alle Pakete gleichzeitig\nausgeliefert, also kann eine Teillieferung ggf. sp\u00e4ter erfolgen<strong><\/strong><\/p>\n\n\n\n<p>Wenn Sie mit der Lieferung nicht zufrieden sind, zum Beispiel weil Waren besch\u00e4digt sind oder die falschen Waren geliefert wurden, empfehlen wir Ihnen, sich zun\u00e4chst mit unserem Kundenservice unter der Telefonnummer 0039 0473 236827, Fax 0039 0473 879723 oder unter dem Mailkontakt: <a href=\"mailto:info@moderaffeiner.it%20\">info@moderaffeiner.it <\/a>&nbsp;in Verbindung zu setzen.<\/p>\n","protected":false},"excerpt":{"rendered":"<p>1) Bestellungen aus Italien Wir liefern per Expresskurier direkt zu Ihnen nach Hause. F\u00fcr den Versand an Adressen in Italien versenden wir f\u00fcr 8,90 Euro Versandkosten. Ab einem Warenkorbwert von 100 Euro ist die Zustellung in Italien kostenlos. Um Ihnen die Bestellungen schnellstm\u00f6glich und ohne Zwischenf\u00e4lle zukommen zu lassen, ben\u00f6tigt unser Speditionspartner eine Telefonnummer, unter [&hellip;]<\/p>\n","protected":false},"author":1,"featured_media":0,"parent":0,"menu_order":0,"comment_status":"closed","ping_status":"closed","template":"template-fullwidth.php","meta":{"jetpack_post_was_ever_published":false},"aioseo_notices":[],"jetpack_sharing_enabled":true,"jetpack_shortlink":"https:\/\/wp.me\/PaHyBw-2Y","jetpack-related-posts":[{"id":177,"url":"https:\/\/www.moderaffeiner.it\/shop\/agb\/","url_meta":{"origin":184,"position":0},"title":"AGB","author":"raffeiner_shop","date":"1. Februar 2019","format":false,"excerpt":"[:de] ALLGEMEINE GESCH\u00c4FTSBEDINGUNGEN F\u00dcR DEN ONLINE-VERKAUF (B2C) Raffeiner KG des Raffeiner Klaus & Co, mit Sitz in 39012 Meran (BZ), Sparkassestrasse 19, MwSt-Nr. 00138860218, eingetragen im Handelsregister der Handelskammer Bozen, Eintrag VWV Nr. BZ \u2013 69527, E-Mail-Adresse: info@moderaffeiner.it, Tel.: 0039 0473 236827, Fax: 0039 0473 879723, in Person des gesetzlichen\u2026","rel":"","context":"\u00c4hnlicher Beitrag","block_context":{"text":"\u00c4hnlicher Beitrag","link":""},"img":{"alt_text":"","src":"","width":0,"height":0},"classes":[]},{"id":182,"url":"https:\/\/www.moderaffeiner.it\/shop\/zahlung\/","url_meta":{"origin":184,"position":1},"title":"Zahlung","author":"raffeiner_shop","date":"1. Februar 2019","format":false,"excerpt":"[:de] Zahlungsarten Folgende Zahlungsarten bieten wir an: 1. Vorkasse (Bank\u00fcberweisung) Kontoinhaber: Raffeiner KG des Raffeiner Klaus & Co Bank: S\u00fcdtiroler Sparkasse AG, Niederlassung Meran IBAN: IT40 N060 4558 5900 0000 0880901 BIC: CRBZIT 2B020 WICHITG! Geben Sie als \u00dcberweisungsgrund immer die in der Auftragsbest\u00e4tigung erhaltene Bestellnummer an. Andernfalls kann eine\u2026","rel":"","context":"\u00c4hnlicher Beitrag","block_context":{"text":"\u00c4hnlicher Beitrag","link":""},"img":{"alt_text":"","src":"","width":0,"height":0},"classes":[]},{"id":6,"url":"https:\/\/www.moderaffeiner.it\/shop\/warenkorb\/","url_meta":{"origin":184,"position":2},"title":"Warenkorb","author":"raffeiner_shop","date":"25. Januar 2019","format":false,"excerpt":"[:de][:it][:]","rel":"","context":"\u00c4hnlicher Beitrag","block_context":{"text":"\u00c4hnlicher Beitrag","link":""},"img":{"alt_text":"","src":"","width":0,"height":0},"classes":[]}],"_links":{"self":[{"href":"https:\/\/www.moderaffeiner.it\/shop\/wp-json\/wp\/v2\/pages\/184"}],"collection":[{"href":"https:\/\/www.moderaffeiner.it\/shop\/wp-json\/wp\/v2\/pages"}],"about":[{"href":"https:\/\/www.moderaffeiner.it\/shop\/wp-json\/wp\/v2\/types\/page"}],"author":[{"embeddable":true,"href":"https:\/\/www.moderaffeiner.it\/shop\/wp-json\/wp\/v2\/users\/1"}],"replies":[{"embeddable":true,"href":"https:\/\/www.moderaffeiner.it\/shop\/wp-json\/wp\/v2\/comments?post=184"}],"version-history":[{"count":11,"href":"https:\/\/www.moderaffeiner.it\/shop\/wp-json\/wp\/v2\/pages\/184\/revisions"}],"predecessor-version":[{"id":1535,"href":"https:\/\/www.moderaffeiner.it\/shop\/wp-json\/wp\/v2\/pages\/184\/revisions\/1535"}],"wp:attachment":[{"href":"https:\/\/www.moderaffeiner.it\/shop\/wp-json\/wp\/v2\/media?parent=184"}],"curies":[{"name":"wp","href":"https:\/\/api.w.org\/{rel}","templated":true}]}}