{"id":6,"date":"2019-01-25T19:07:30","date_gmt":"2019-01-25T18:07:30","guid":{"rendered":"https:\/\/www.moderaffeiner.it\/shop\/warenkorb\/"},"modified":"2019-02-06T01:43:22","modified_gmt":"2019-02-06T00:43:22","slug":"warenkorb","status":"publish","type":"page","link":"https:\/\/www.moderaffeiner.it\/shop\/warenkorb\/","title":{"rendered":"Warenkorb"},"content":{"rendered":"\n","protected":false},"excerpt":{"rendered":"","protected":false},"author":1,"featured_media":0,"parent":0,"menu_order":0,"comment_status":"closed","ping_status":"closed","template":"","meta":{"jetpack_post_was_ever_published":false},"aioseo_notices":[],"jetpack_sharing_enabled":true,"jetpack_shortlink":"https:\/\/wp.me\/PaHyBw-6","jetpack-related-posts":[{"id":184,"url":"https:\/\/www.moderaffeiner.it\/shop\/versand\/","url_meta":{"origin":6,"position":0},"title":"Versand","author":"raffeiner_shop","date":"2. Februar 2019","format":false,"excerpt":"[:de] 1) Bestellungen aus Italien Wir liefern per Expresskurier direkt zu Ihnen nach Hause. F\u00fcr den Versand an Adressen in Italien versenden wir f\u00fcr 8,90 Euro Versandkosten. Ab einem Warenkorbwert von 100 Euro ist die Zustellung in Italien kostenlos. Um Ihnen die Bestellungen schnellstm\u00f6glich und ohne Zwischenf\u00e4lle zukommen zu lassen,\u2026","rel":"","context":"\u00c4hnlicher Beitrag","block_context":{"text":"\u00c4hnlicher Beitrag","link":""},"img":{"alt_text":"","src":"","width":0,"height":0},"classes":[]},{"id":7,"url":"https:\/\/www.moderaffeiner.it\/shop\/kasse\/","url_meta":{"origin":6,"position":1},"title":"Kasse","author":"raffeiner_shop","date":"25. Januar 2019","format":false,"excerpt":"[:de][:it][:]","rel":"","context":"\u00c4hnlicher Beitrag","block_context":{"text":"\u00c4hnlicher Beitrag","link":""},"img":{"alt_text":"","src":"","width":0,"height":0},"classes":[]},{"id":206,"url":"https:\/\/www.moderaffeiner.it\/shop\/damen\/","url_meta":{"origin":6,"position":2},"title":"Damen","author":"raffeiner_shop","date":"2. Februar 2019","format":false,"excerpt":"[:de] [:it] [:]","rel":"","context":"\u00c4hnlicher Beitrag","block_context":{"text":"\u00c4hnlicher Beitrag","link":""},"img":{"alt_text":"","src":"","width":0,"height":0},"classes":[]},{"id":211,"url":"https:\/\/www.moderaffeiner.it\/shop\/herren\/","url_meta":{"origin":6,"position":3},"title":"Herren","author":"raffeiner_shop","date":"2. Februar 2019","format":false,"excerpt":"[:de] [:it] [:]","rel":"","context":"\u00c4hnlicher Beitrag","block_context":{"text":"\u00c4hnlicher Beitrag","link":""},"img":{"alt_text":"","src":"","width":0,"height":0},"classes":[]},{"id":216,"url":"https:\/\/www.moderaffeiner.it\/shop\/socken\/","url_meta":{"origin":6,"position":4},"title":"Socken","author":"raffeiner_shop","date":"2. Februar 2019","format":false,"excerpt":"[:de] [:it] [:]","rel":"","context":"\u00c4hnlicher Beitrag","block_context":{"text":"\u00c4hnlicher Beitrag","link":""},"img":{"alt_text":"","src":"","width":0,"height":0},"classes":[]},{"id":221,"url":"https:\/\/www.moderaffeiner.it\/shop\/muetzen\/","url_meta":{"origin":6,"position":5},"title":"M\u00fctzen","author":"raffeiner_shop","date":"2. Februar 2019","format":false,"excerpt":"[:de] [:it] [:]","rel":"","context":"\u00c4hnlicher Beitrag","block_context":{"text":"\u00c4hnlicher Beitrag","link":""},"img":{"alt_text":"","src":"","width":0,"height":0},"classes":[]}],"_links":{"self":[{"href":"https:\/\/www.moderaffeiner.it\/shop\/wp-json\/wp\/v2\/pages\/6"}],"collection":[{"href":"https:\/\/www.moderaffeiner.it\/shop\/wp-json\/wp\/v2\/pages"}],"about":[{"href":"https:\/\/www.moderaffeiner.it\/shop\/wp-json\/wp\/v2\/types\/page"}],"author":[{"embeddable":true,"href":"https:\/\/www.moderaffeiner.it\/shop\/wp-json\/wp\/v2\/users\/1"}],"replies":[{"embeddable":true,"href":"https:\/\/www.moderaffeiner.it\/shop\/wp-json\/wp\/v2\/comments?post=6"}],"version-history":[{"count":1,"href":"https:\/\/www.moderaffeiner.it\/shop\/wp-json\/wp\/v2\/pages\/6\/revisions"}],"predecessor-version":[{"id":273,"href":"https:\/\/www.moderaffeiner.it\/shop\/wp-json\/wp\/v2\/pages\/6\/revisions\/273"}],"wp:attachment":[{"href":"https:\/\/www.moderaffeiner.it\/shop\/wp-json\/wp\/v2\/media?parent=6"}],"curies":[{"name":"wp","href":"https:\/\/api.w.org\/{rel}","templated":true}]}}